{"id":10306,"date":"2022-01-09T14:12:14","date_gmt":"2022-01-09T13:12:14","guid":{"rendered":"https:\/\/noodle-graphique.com\/?page_id=10306"},"modified":"2023-01-03T14:22:40","modified_gmt":"2023-01-03T13:22:40","slug":"broderie-or","status":"publish","type":"page","link":"https:\/\/noodle-graphique.com\/index.php\/atelier-broderie\/tutos-broderie\/broderie-or\/","title":{"rendered":"Broderie or | Tuto"},"content":{"rendered":"<div id=\"pl-10306\"  class=\"panel-layout\" ><div id=\"pg-10306-0\"  class=\"panel-grid panel-no-style\" ><div id=\"pgc-10306-0-0\"  class=\"panel-grid-cell\" ><div id=\"panel-10306-0-0-0\" class=\"so-panel widget widget_sow-editor panel-first-child panel-last-child\" data-index=\"0\" ><div\n\t\t\t\n\t\t\tclass=\"so-widget-sow-editor so-widget-sow-editor-base\"\n\t\t\t\n\t\t>\n<div class=\"siteorigin-widget-tinymce textwidget\">\n\t<h1 style=\"text-align: center;\"><span style=\"color: #5b2c50;\"><span style=\"font-size: 36pt;\">Broderie Or | Tuto<\/span><\/span><\/h1>\n<p>&nbsp;<\/p>\n<p style=\"text-align: center;\"><span style=\"color: #5b2c50; font-size: 14pt;\">Ajoutez une touche de pr\u00e9ciosit\u00e9 \u00e0 votre broderie gr\u00e2ce \u00e0 cette technique traditionnelle hyper tendance !<\/span><\/p>\n<p><em><span style=\"font-size: 10pt; color: #808080;\">[Mise \u00e0 jour en cours : 25 f\u00e9vrier 2022]<\/span><\/em><\/p>\n<p style=\"text-align: center;\"><span style=\"font-size: 14pt; color: #ffffff;\">XXX<\/span><\/p>\n<\/div>\n<\/div><\/div><\/div><\/div><div id=\"pg-10306-1\"  class=\"panel-grid panel-no-style\" ><div id=\"pgc-10306-1-0\"  class=\"panel-grid-cell\" ><div id=\"panel-10306-1-0-0\" class=\"so-panel widget widget_sow-editor panel-first-child panel-last-child\" data-index=\"1\" ><div\n\t\t\t\n\t\t\tclass=\"so-widget-sow-editor so-widget-sow-editor-base\"\n\t\t\t\n\t\t>\n<div class=\"siteorigin-widget-tinymce textwidget\">\n\t<p>La broderie d'or est une technique tr\u00e8s cr\u00e9ative, sans cesse revisit\u00e9e et id\u00e9ale pour la confection de bijoux brod\u00e9s. Elle n\u00e9cessite un mat\u00e9riel propre \u00e0 son utilisation :<\/p>\n<p>- le jaseron est \u00a0un fil m\u00e9tallique enroul\u00e9 en spirale serr\u00e9e, comme un ressort. Il est g\u00e9n\u00e9ralement utilis\u00e9 pour r\u00e9aliser les contours des motifs \u00e0 broder ;<br \/>\n- la cannetille est aussi un fil m\u00e9tallique enroul\u00e9 en spirale, mais plus fin, mall\u00e9able et souple que le jaseron. On la d\u00e9coupe en fragments avant de la fixer comme une perle pour remplir les motifs.<\/p>\n<p style=\"text-align: center;\"><span style=\"color: #ffffff;\">XXX<\/span><\/p>\n<\/div>\n<\/div><\/div><\/div><div id=\"pgc-10306-1-1\"  class=\"panel-grid-cell\" ><div id=\"panel-10306-1-1-0\" class=\"so-panel widget widget_sow-image panel-first-child panel-last-child\" data-index=\"2\" ><div\n\t\t\t\n\t\t\tclass=\"so-widget-sow-image so-widget-sow-image-default-8b5b6f678277-10306\"\n\t\t\t\n\t\t>\n<div class=\"sow-image-container\">\n\t\t<img \n\tsrc=\"https:\/\/noodle-graphique.com\/wp-content\/uploads\/2022\/01\/Tuto-Broderie-or_noodlegraphique_2.jpg\" width=\"640\" height=\"640\" srcset=\"https:\/\/noodle-graphique.com\/wp-content\/uploads\/2022\/01\/Tuto-Broderie-or_noodlegraphique_2.jpg 640w, https:\/\/noodle-graphique.com\/wp-content\/uploads\/2022\/01\/Tuto-Broderie-or_noodlegraphique_2-350x350.jpg 350w, https:\/\/noodle-graphique.com\/wp-content\/uploads\/2022\/01\/Tuto-Broderie-or_noodlegraphique_2-180x180.jpg 180w, https:\/\/noodle-graphique.com\/wp-content\/uploads\/2022\/01\/Tuto-Broderie-or_noodlegraphique_2-324x324.jpg 324w, https:\/\/noodle-graphique.com\/wp-content\/uploads\/2022\/01\/Tuto-Broderie-or_noodlegraphique_2-416x416.jpg 416w, https:\/\/noodle-graphique.com\/wp-content\/uploads\/2022\/01\/Tuto-Broderie-or_noodlegraphique_2-100x100.jpg 100w\" sizes=\"(max-width: 640px) 100vw, 640px\" alt=\"\" \t\tclass=\"so-widget-image\"\/>\n\t<\/div>\n\n<\/div><\/div><\/div><\/div><div id=\"pg-10306-2\"  class=\"panel-grid panel-no-style\" ><div id=\"pgc-10306-2-0\"  class=\"panel-grid-cell\" ><div id=\"panel-10306-2-0-0\" class=\"so-panel widget widget_sow-editor panel-first-child\" data-index=\"3\" ><div\n\t\t\t\n\t\t\tclass=\"so-widget-sow-editor so-widget-sow-editor-base\"\n\t\t\t\n\t\t><h3 class=\"widget-title\">Jaseron<\/h3>\n<div class=\"siteorigin-widget-tinymce textwidget\">\n\t<p>Avant la pose du jaseron, \u00e9tirez l\u00e9g\u00e8rement le ressort (de 20% environ) afin de le d\u00e9tendre et d'\u00e9carter les spirales ce qui facilitera le passage du fil coton (ne tirez pas trop fort, vous risqueriez de d\u00e9t\u00e9riorer le jaseron).<\/p>\n<p>Coupez le d\u00e9but du jaseron qui n'a pas pu \u00e9t\u00e9 \u00e9tir\u00e9, car bloqu\u00e9 entre vos doigts.<\/p>\n<\/div>\n<\/div><\/div><div id=\"panel-10306-2-0-1\" class=\"so-panel widget widget_sow-image panel-last-child\" data-index=\"4\" ><div class=\"panel-widget-style panel-widget-style-for-10306-2-0-1\" ><div\n\t\t\t\n\t\t\tclass=\"so-widget-sow-image so-widget-sow-image-default-8b5b6f678277-10306\"\n\t\t\t\n\t\t>\n<div class=\"sow-image-container\">\n\t\t<img \n\tsrc=\"https:\/\/noodle-graphique.com\/wp-content\/uploads\/2022\/01\/Tuto-Broderie-or_noodlegraphique_3.jpg\" width=\"2000\" height=\"450\" srcset=\"https:\/\/noodle-graphique.com\/wp-content\/uploads\/2022\/01\/Tuto-Broderie-or_noodlegraphique_3.jpg 2000w, https:\/\/noodle-graphique.com\/wp-content\/uploads\/2022\/01\/Tuto-Broderie-or_noodlegraphique_3-350x79.jpg 350w, https:\/\/noodle-graphique.com\/wp-content\/uploads\/2022\/01\/Tuto-Broderie-or_noodlegraphique_3-800x180.jpg 800w, https:\/\/noodle-graphique.com\/wp-content\/uploads\/2022\/01\/Tuto-Broderie-or_noodlegraphique_3-768x173.jpg 768w, https:\/\/noodle-graphique.com\/wp-content\/uploads\/2022\/01\/Tuto-Broderie-or_noodlegraphique_3-1536x346.jpg 1536w, https:\/\/noodle-graphique.com\/wp-content\/uploads\/2022\/01\/Tuto-Broderie-or_noodlegraphique_3-416x94.jpg 416w\" sizes=\"(max-width: 2000px) 100vw, 2000px\" alt=\"\" \t\tclass=\"so-widget-image\"\/>\n\t<\/div>\n\n<\/div><\/div><\/div><\/div><\/div><div id=\"pg-10306-3\"  class=\"panel-grid panel-no-style\" ><div id=\"pgc-10306-3-0\"  class=\"panel-grid-cell\" ><div id=\"panel-10306-3-0-0\" class=\"so-panel widget widget_sow-image panel-first-child panel-last-child\" data-index=\"5\" ><div\n\t\t\t\n\t\t\tclass=\"so-widget-sow-image so-widget-sow-image-default-8b5b6f678277-10306\"\n\t\t\t\n\t\t>\n<div class=\"sow-image-container\">\n\t\t<img \n\tsrc=\"https:\/\/noodle-graphique.com\/wp-content\/uploads\/2022\/02\/Tuto-Broderie-or_noodlegraphique_5.jpg\" width=\"640\" height=\"640\" srcset=\"https:\/\/noodle-graphique.com\/wp-content\/uploads\/2022\/02\/Tuto-Broderie-or_noodlegraphique_5.jpg 640w, https:\/\/noodle-graphique.com\/wp-content\/uploads\/2022\/02\/Tuto-Broderie-or_noodlegraphique_5-350x350.jpg 350w, https:\/\/noodle-graphique.com\/wp-content\/uploads\/2022\/02\/Tuto-Broderie-or_noodlegraphique_5-180x180.jpg 180w, https:\/\/noodle-graphique.com\/wp-content\/uploads\/2022\/02\/Tuto-Broderie-or_noodlegraphique_5-324x324.jpg 324w, https:\/\/noodle-graphique.com\/wp-content\/uploads\/2022\/02\/Tuto-Broderie-or_noodlegraphique_5-416x416.jpg 416w, https:\/\/noodle-graphique.com\/wp-content\/uploads\/2022\/02\/Tuto-Broderie-or_noodlegraphique_5-100x100.jpg 100w\" sizes=\"(max-width: 640px) 100vw, 640px\" alt=\"\" \t\tclass=\"so-widget-image\"\/>\n\t<\/div>\n\n<\/div><\/div><\/div><div id=\"pgc-10306-3-1\"  class=\"panel-grid-cell\" ><div id=\"panel-10306-3-1-0\" class=\"so-panel widget widget_sow-editor panel-first-child panel-last-child\" data-index=\"6\" ><div\n\t\t\t\n\t\t\tclass=\"so-widget-sow-editor so-widget-sow-editor-base\"\n\t\t\t\n\t\t>\n<div class=\"siteorigin-widget-tinymce textwidget\">\n\t<p>Munissez-vous d'un fil de broderie en coton, de la m\u00eame nuance que le jaseron.<br \/>\nPositionnez une extr\u00e9mit\u00e9 du\u00a0 jaseron sur le trac\u00e9 du motif \u00e0 broder.<\/p>\n<p><span style=\"font-size: 14pt; color: #ffffff;\">XXX<\/span><\/p>\n<\/div>\n<\/div><\/div><\/div><\/div><div id=\"pg-10306-4\"  class=\"panel-grid panel-no-style\" ><div id=\"pgc-10306-4-0\"  class=\"panel-grid-cell\" ><div id=\"panel-10306-4-0-0\" class=\"so-panel widget widget_sow-image panel-first-child panel-last-child\" data-index=\"7\" ><div class=\"panel-widget-style panel-widget-style-for-10306-4-0-0\" ><div\n\t\t\t\n\t\t\tclass=\"so-widget-sow-image so-widget-sow-image-default-8b5b6f678277-10306\"\n\t\t\t\n\t\t>\n<div class=\"sow-image-container\">\n\t\t<img \n\tsrc=\"https:\/\/noodle-graphique.com\/wp-content\/uploads\/2022\/01\/Tuto-Broderie-or_noodlegraphique_4.jpg\" width=\"640\" height=\"640\" srcset=\"https:\/\/noodle-graphique.com\/wp-content\/uploads\/2022\/01\/Tuto-Broderie-or_noodlegraphique_4.jpg 640w, https:\/\/noodle-graphique.com\/wp-content\/uploads\/2022\/01\/Tuto-Broderie-or_noodlegraphique_4-350x350.jpg 350w, https:\/\/noodle-graphique.com\/wp-content\/uploads\/2022\/01\/Tuto-Broderie-or_noodlegraphique_4-180x180.jpg 180w, https:\/\/noodle-graphique.com\/wp-content\/uploads\/2022\/01\/Tuto-Broderie-or_noodlegraphique_4-324x324.jpg 324w, https:\/\/noodle-graphique.com\/wp-content\/uploads\/2022\/01\/Tuto-Broderie-or_noodlegraphique_4-416x416.jpg 416w, https:\/\/noodle-graphique.com\/wp-content\/uploads\/2022\/01\/Tuto-Broderie-or_noodlegraphique_4-100x100.jpg 100w\" sizes=\"(max-width: 640px) 100vw, 640px\" alt=\"\" \t\tclass=\"so-widget-image\"\/>\n\t<\/div>\n\n<\/div><\/div><\/div><\/div><div id=\"pgc-10306-4-1\"  class=\"panel-grid-cell\" ><div id=\"panel-10306-4-1-0\" class=\"so-panel widget widget_sow-editor panel-first-child panel-last-child\" data-index=\"8\" ><div\n\t\t\t\n\t\t\tclass=\"so-widget-sow-editor so-widget-sow-editor-base\"\n\t\t\t\n\t\t>\n<div class=\"siteorigin-widget-tinymce textwidget\">\n\t<p>Fixez le jaseron au <a href=\"https:\/\/noodle-graphique.com\/index.php\/atelier\/tutos-broderie\/points-broderie-tuto\/\">point de boulogne (technique pour broder une ligne) : <\/a>brodez de petits points perpendiculaires au jaseron, \u00e0 intervalles r\u00e9guliers. Le fil coton doit se coincer entre les spirales du ressort.<br \/>\nSi le jaseron n\u2019est pas tr\u00e8s \u00e9tir\u00e9, donnez un petit coup sec apr\u00e8s chaque point pour que le fil \u00e0 broder passe bien entre les spirales et qu\u2019il ne soit pas visible en surface.<\/p>\n<p><span style=\"font-size: 14pt; color: #ffffff;\">XXX<\/span><\/p>\n<\/div>\n<\/div><\/div><\/div><\/div><div id=\"pg-10306-5\"  class=\"panel-grid panel-no-style\" ><div id=\"pgc-10306-5-0\"  class=\"panel-grid-cell\" ><div id=\"panel-10306-5-0-0\" class=\"so-panel widget widget_sow-image panel-first-child panel-last-child\" data-index=\"9\" ><div\n\t\t\t\n\t\t\tclass=\"so-widget-sow-image so-widget-sow-image-default-8b5b6f678277-10306\"\n\t\t\t\n\t\t>\n<div class=\"sow-image-container\">\n\t\t<img \n\tsrc=\"https:\/\/noodle-graphique.com\/wp-content\/uploads\/2022\/02\/Tuto-Broderie-or_noodlegraphique_6.jpg\" width=\"640\" height=\"640\" srcset=\"https:\/\/noodle-graphique.com\/wp-content\/uploads\/2022\/02\/Tuto-Broderie-or_noodlegraphique_6.jpg 640w, https:\/\/noodle-graphique.com\/wp-content\/uploads\/2022\/02\/Tuto-Broderie-or_noodlegraphique_6-350x350.jpg 350w, https:\/\/noodle-graphique.com\/wp-content\/uploads\/2022\/02\/Tuto-Broderie-or_noodlegraphique_6-180x180.jpg 180w, https:\/\/noodle-graphique.com\/wp-content\/uploads\/2022\/02\/Tuto-Broderie-or_noodlegraphique_6-324x324.jpg 324w, https:\/\/noodle-graphique.com\/wp-content\/uploads\/2022\/02\/Tuto-Broderie-or_noodlegraphique_6-416x416.jpg 416w, https:\/\/noodle-graphique.com\/wp-content\/uploads\/2022\/02\/Tuto-Broderie-or_noodlegraphique_6-100x100.jpg 100w\" sizes=\"(max-width: 640px) 100vw, 640px\" alt=\"\" \t\tclass=\"so-widget-image\"\/>\n\t<\/div>\n\n<\/div><\/div><\/div><div id=\"pgc-10306-5-1\"  class=\"panel-grid-cell\" ><div id=\"panel-10306-5-1-0\" class=\"so-panel widget widget_sow-editor panel-first-child panel-last-child\" data-index=\"10\" ><div\n\t\t\t\n\t\t\tclass=\"so-widget-sow-editor so-widget-sow-editor-base\"\n\t\t\t\n\t\t>\n<div class=\"siteorigin-widget-tinymce textwidget\">\n\t<p>Continuez \u00e0 positionner le\u00a0 jaseron au fur et \u00e0 mesure que vous le fixez sur le motif.<br \/>\nVous pouvez faire des points plus espac\u00e9s pour la mise en forme et en rajouter d'autres plus serr\u00e9s dans un 2nd temps pour une belle finition.<\/p>\n<p>Pour bien suivre les courbes et angles, n\u2019h\u00e9sitez pas \u00e0 utiliser la pointe de la paire de ciseaux pour \u00abmodeler\u00bb votre jaseron.<\/p>\n<p><span style=\"font-size: 14pt; color: #ffffff;\">XXX<\/span><\/p>\n<\/div>\n<\/div><\/div><\/div><\/div><div id=\"pg-10306-6\"  class=\"panel-grid panel-no-style\" ><div id=\"pgc-10306-6-0\"  class=\"panel-grid-cell\" ><div id=\"panel-10306-6-0-0\" class=\"so-panel widget widget_sow-image panel-first-child panel-last-child\" data-index=\"11\" ><div\n\t\t\t\n\t\t\tclass=\"so-widget-sow-image so-widget-sow-image-default-8b5b6f678277-10306\"\n\t\t\t\n\t\t>\n<div class=\"sow-image-container\">\n\t\t<img \n\tsrc=\"https:\/\/noodle-graphique.com\/wp-content\/uploads\/2022\/02\/Tuto-Broderie-or_noodlegraphique_7.jpg\" width=\"640\" height=\"640\" srcset=\"https:\/\/noodle-graphique.com\/wp-content\/uploads\/2022\/02\/Tuto-Broderie-or_noodlegraphique_7.jpg 640w, https:\/\/noodle-graphique.com\/wp-content\/uploads\/2022\/02\/Tuto-Broderie-or_noodlegraphique_7-350x350.jpg 350w, https:\/\/noodle-graphique.com\/wp-content\/uploads\/2022\/02\/Tuto-Broderie-or_noodlegraphique_7-180x180.jpg 180w, https:\/\/noodle-graphique.com\/wp-content\/uploads\/2022\/02\/Tuto-Broderie-or_noodlegraphique_7-324x324.jpg 324w, https:\/\/noodle-graphique.com\/wp-content\/uploads\/2022\/02\/Tuto-Broderie-or_noodlegraphique_7-416x416.jpg 416w, https:\/\/noodle-graphique.com\/wp-content\/uploads\/2022\/02\/Tuto-Broderie-or_noodlegraphique_7-100x100.jpg 100w\" sizes=\"(max-width: 640px) 100vw, 640px\" alt=\"\" \t\tclass=\"so-widget-image\"\/>\n\t<\/div>\n\n<\/div><\/div><\/div><div id=\"pgc-10306-6-1\"  class=\"panel-grid-cell\" ><div id=\"panel-10306-6-1-0\" class=\"so-panel widget widget_sow-editor panel-first-child panel-last-child\" data-index=\"12\" ><div\n\t\t\t\n\t\t\tclass=\"so-widget-sow-editor so-widget-sow-editor-base\"\n\t\t\t\n\t\t>\n<div class=\"siteorigin-widget-tinymce textwidget\">\n\t<p>En bout de ligne :<br \/>\n- Coupez le jaseron en le laissant l\u00e9g\u00e8rement d\u00e9passer. Coupez ensuite, plus pr\u00e9cis\u00e9ment, spirale apr\u00e8s spirale<br \/>\n- Fixez le jaseron au bout des spirales avec un dernier point.<\/p>\n<p><span style=\"font-size: 14pt; color: #ffffff;\">XXX<\/span><\/p>\n<\/div>\n<\/div><\/div><\/div><\/div><div id=\"pg-10306-7\"  class=\"panel-grid panel-no-style\" ><div id=\"pgc-10306-7-0\"  class=\"panel-grid-cell\" ><div id=\"panel-10306-7-0-0\" class=\"so-panel widget widget_sow-editor panel-first-child panel-last-child\" data-index=\"13\" ><div\n\t\t\t\n\t\t\tclass=\"so-widget-sow-editor so-widget-sow-editor-base\"\n\t\t\t\n\t\t><h3 class=\"widget-title\">Lancez-vous !<\/h3>\n<div class=\"siteorigin-widget-tinymce textwidget\">\n\t<p>Entra\u00eenez-vous avec les <a href=\"https:\/\/noodle-graphique.com\/index.php\/categorie-produit\/patchabroder\/\">kits Patchabroder<\/a> de Noodle Graphique : c'est plus facile et fun que vous ne l'imaginez \ud83d\ude42<\/p>\n<\/div>\n<\/div><\/div><\/div><\/div><div id=\"pg-10306-8\"  class=\"panel-grid panel-no-style\" ><div id=\"pgc-10306-8-0\"  class=\"panel-grid-cell\" ><div id=\"panel-10306-8-0-0\" class=\"so-panel widget widget_sow-editor panel-first-child panel-last-child\" data-index=\"14\" ><div\n\t\t\t\n\t\t\tclass=\"so-widget-sow-editor so-widget-sow-editor-base\"\n\t\t\t\n\t\t>\n<div class=\"siteorigin-widget-tinymce textwidget\">\n\t<p style=\"text-align: center;\"><span style=\"font-size: 14pt; color: #5b2c50;\">1 question concernant\u00a0 la confection de votre broche ? <a style=\"color: #5b2c50;\" href=\"https:\/\/noodle-graphique.com\/index.php\/contact\/\">Contactez-nous !<\/a><\/span><\/p>\n<\/div>\n<\/div><\/div><\/div><\/div><\/div>","protected":false},"excerpt":{"rendered":"<p>Broderie Or | Tuto &nbsp; Ajoutez une touche de pr\u00e9ciosit\u00e9 \u00e0 votre broderie gr\u00e2ce \u00e0 cette technique traditionnelle hyper tendance ! [Mise \u00e0 jour en cours : 25 f\u00e9vrier 2022] XXX La broderie d&rsquo;or est une technique tr\u00e8s cr\u00e9ative, sans cesse revisit\u00e9e et id\u00e9ale pour la confection de bijoux brod\u00e9s. Elle n\u00e9cessite un mat\u00e9riel propre [&hellip;]<\/p>\n","protected":false},"author":1,"featured_media":0,"parent":472,"menu_order":0,"comment_status":"closed","ping_status":"closed","template":"","meta":{"footnotes":""},"class_list":["post-10306","page","type-page","status-publish","hentry"],"yoast_head":"<!-- This site is optimized with the Yoast SEO plugin v27.4 - https:\/\/yoast.com\/product\/yoast-seo-wordpress\/ -->\n<title>Broderie or | Tuto - Noodle Graphique<\/title>\n<meta name=\"description\" content=\"Ajoutez facilement une touche de pr\u00e9ciosit\u00e9 \u00e0 votre broche gr\u00e2ce \u00e0 notre tuto Broderie Or, une technique traditionnelle hyper tendance !\" \/>\n<meta name=\"robots\" content=\"index, follow, max-snippet:-1, max-image-preview:large, max-video-preview:-1\" \/>\n<link rel=\"canonical\" href=\"https:\/\/noodle-graphique.com\/index.php\/atelier-broderie\/tutos-broderie\/broderie-or\/\" \/>\n<meta property=\"og:locale\" content=\"fr_FR\" \/>\n<meta property=\"og:type\" content=\"article\" \/>\n<meta property=\"og:title\" content=\"Broderie or | Tuto - Noodle Graphique\" \/>\n<meta property=\"og:description\" content=\"Ajoutez facilement une touche de pr\u00e9ciosit\u00e9 \u00e0 votre broche gr\u00e2ce \u00e0 notre tuto Broderie Or, une technique traditionnelle hyper tendance !\" \/>\n<meta property=\"og:url\" content=\"https:\/\/noodle-graphique.com\/index.php\/atelier-broderie\/tutos-broderie\/broderie-or\/\" \/>\n<meta property=\"og:site_name\" content=\"Noodle Graphique\" \/>\n<meta property=\"article:modified_time\" content=\"2023-01-03T13:22:40+00:00\" \/>\n<meta name=\"twitter:card\" content=\"summary_large_image\" \/>\n<meta name=\"twitter:label1\" content=\"Dur\u00e9e de lecture estim\u00e9e\" \/>\n\t<meta name=\"twitter:data1\" content=\"3 minutes\" \/>\n<script type=\"application\/ld+json\" class=\"yoast-schema-graph\">{\"@context\":\"https:\\\/\\\/schema.org\",\"@graph\":[{\"@type\":\"WebPage\",\"@id\":\"https:\\\/\\\/noodle-graphique.com\\\/index.php\\\/atelier-broderie\\\/tutos-broderie\\\/broderie-or\\\/\",\"url\":\"https:\\\/\\\/noodle-graphique.com\\\/index.php\\\/atelier-broderie\\\/tutos-broderie\\\/broderie-or\\\/\",\"name\":\"Broderie or | Tuto - Noodle Graphique\",\"isPartOf\":{\"@id\":\"https:\\\/\\\/noodle-graphique.com\\\/#website\"},\"datePublished\":\"2022-01-09T13:12:14+00:00\",\"dateModified\":\"2023-01-03T13:22:40+00:00\",\"description\":\"Ajoutez facilement une touche de pr\u00e9ciosit\u00e9 \u00e0 votre broche gr\u00e2ce \u00e0 notre tuto Broderie Or, une technique traditionnelle hyper tendance !\",\"breadcrumb\":{\"@id\":\"https:\\\/\\\/noodle-graphique.com\\\/index.php\\\/atelier-broderie\\\/tutos-broderie\\\/broderie-or\\\/#breadcrumb\"},\"inLanguage\":\"fr-FR\",\"potentialAction\":[{\"@type\":\"ReadAction\",\"target\":[\"https:\\\/\\\/noodle-graphique.com\\\/index.php\\\/atelier-broderie\\\/tutos-broderie\\\/broderie-or\\\/\"]}]},{\"@type\":\"BreadcrumbList\",\"@id\":\"https:\\\/\\\/noodle-graphique.com\\\/index.php\\\/atelier-broderie\\\/tutos-broderie\\\/broderie-or\\\/#breadcrumb\",\"itemListElement\":[{\"@type\":\"ListItem\",\"position\":1,\"name\":\"Accueil\",\"item\":\"https:\\\/\\\/noodle-graphique.com\\\/\"},{\"@type\":\"ListItem\",\"position\":2,\"name\":\"Atelier broderie\",\"item\":\"https:\\\/\\\/noodle-graphique.com\\\/index.php\\\/atelier-broderie\\\/\"},{\"@type\":\"ListItem\",\"position\":3,\"name\":\"TUTOS\",\"item\":\"https:\\\/\\\/noodle-graphique.com\\\/index.php\\\/atelier-broderie\\\/tutos-broderie\\\/\"},{\"@type\":\"ListItem\",\"position\":4,\"name\":\"Broderie or | Tuto\"}]},{\"@type\":\"WebSite\",\"@id\":\"https:\\\/\\\/noodle-graphique.com\\\/#website\",\"url\":\"https:\\\/\\\/noodle-graphique.com\\\/\",\"name\":\"Noodle Graphique\",\"description\":\"Kits de broderie complets, tous niveaux, tout beaux\",\"publisher\":{\"@id\":\"https:\\\/\\\/noodle-graphique.com\\\/#organization\"},\"potentialAction\":[{\"@type\":\"SearchAction\",\"target\":{\"@type\":\"EntryPoint\",\"urlTemplate\":\"https:\\\/\\\/noodle-graphique.com\\\/?s={search_term_string}\"},\"query-input\":{\"@type\":\"PropertyValueSpecification\",\"valueRequired\":true,\"valueName\":\"search_term_string\"}}],\"inLanguage\":\"fr-FR\"},{\"@type\":\"Organization\",\"@id\":\"https:\\\/\\\/noodle-graphique.com\\\/#organization\",\"name\":\"Noodle Graphique\",\"url\":\"https:\\\/\\\/noodle-graphique.com\\\/\",\"logo\":{\"@type\":\"ImageObject\",\"inLanguage\":\"fr-FR\",\"@id\":\"https:\\\/\\\/noodle-graphique.com\\\/#\\\/schema\\\/logo\\\/image\\\/\",\"url\":\"https:\\\/\\\/noodle-graphique.com\\\/wp-content\\\/uploads\\\/2020\\\/10\\\/cropped-NOODLE-Logo_WEB_470x110-Gauche.gif\",\"contentUrl\":\"https:\\\/\\\/noodle-graphique.com\\\/wp-content\\\/uploads\\\/2020\\\/10\\\/cropped-NOODLE-Logo_WEB_470x110-Gauche.gif\",\"width\":461,\"height\":98,\"caption\":\"Noodle Graphique\"},\"image\":{\"@id\":\"https:\\\/\\\/noodle-graphique.com\\\/#\\\/schema\\\/logo\\\/image\\\/\"}}]}<\/script>\n<!-- \/ Yoast SEO plugin. -->","yoast_head_json":{"title":"Broderie or | Tuto - Noodle Graphique","description":"Ajoutez facilement une touche de pr\u00e9ciosit\u00e9 \u00e0 votre broche gr\u00e2ce \u00e0 notre tuto Broderie Or, une technique traditionnelle hyper tendance !","robots":{"index":"index","follow":"follow","max-snippet":"max-snippet:-1","max-image-preview":"max-image-preview:large","max-video-preview":"max-video-preview:-1"},"canonical":"https:\/\/noodle-graphique.com\/index.php\/atelier-broderie\/tutos-broderie\/broderie-or\/","og_locale":"fr_FR","og_type":"article","og_title":"Broderie or | Tuto - Noodle Graphique","og_description":"Ajoutez facilement une touche de pr\u00e9ciosit\u00e9 \u00e0 votre broche gr\u00e2ce \u00e0 notre tuto Broderie Or, une technique traditionnelle hyper tendance !","og_url":"https:\/\/noodle-graphique.com\/index.php\/atelier-broderie\/tutos-broderie\/broderie-or\/","og_site_name":"Noodle Graphique","article_modified_time":"2023-01-03T13:22:40+00:00","twitter_card":"summary_large_image","twitter_misc":{"Dur\u00e9e de lecture estim\u00e9e":"3 minutes"},"schema":{"@context":"https:\/\/schema.org","@graph":[{"@type":"WebPage","@id":"https:\/\/noodle-graphique.com\/index.php\/atelier-broderie\/tutos-broderie\/broderie-or\/","url":"https:\/\/noodle-graphique.com\/index.php\/atelier-broderie\/tutos-broderie\/broderie-or\/","name":"Broderie or | Tuto - Noodle Graphique","isPartOf":{"@id":"https:\/\/noodle-graphique.com\/#website"},"datePublished":"2022-01-09T13:12:14+00:00","dateModified":"2023-01-03T13:22:40+00:00","description":"Ajoutez facilement une touche de pr\u00e9ciosit\u00e9 \u00e0 votre broche gr\u00e2ce \u00e0 notre tuto Broderie Or, une technique traditionnelle hyper tendance !","breadcrumb":{"@id":"https:\/\/noodle-graphique.com\/index.php\/atelier-broderie\/tutos-broderie\/broderie-or\/#breadcrumb"},"inLanguage":"fr-FR","potentialAction":[{"@type":"ReadAction","target":["https:\/\/noodle-graphique.com\/index.php\/atelier-broderie\/tutos-broderie\/broderie-or\/"]}]},{"@type":"BreadcrumbList","@id":"https:\/\/noodle-graphique.com\/index.php\/atelier-broderie\/tutos-broderie\/broderie-or\/#breadcrumb","itemListElement":[{"@type":"ListItem","position":1,"name":"Accueil","item":"https:\/\/noodle-graphique.com\/"},{"@type":"ListItem","position":2,"name":"Atelier broderie","item":"https:\/\/noodle-graphique.com\/index.php\/atelier-broderie\/"},{"@type":"ListItem","position":3,"name":"TUTOS","item":"https:\/\/noodle-graphique.com\/index.php\/atelier-broderie\/tutos-broderie\/"},{"@type":"ListItem","position":4,"name":"Broderie or | Tuto"}]},{"@type":"WebSite","@id":"https:\/\/noodle-graphique.com\/#website","url":"https:\/\/noodle-graphique.com\/","name":"Noodle Graphique","description":"Kits de broderie complets, tous niveaux, tout beaux","publisher":{"@id":"https:\/\/noodle-graphique.com\/#organization"},"potentialAction":[{"@type":"SearchAction","target":{"@type":"EntryPoint","urlTemplate":"https:\/\/noodle-graphique.com\/?s={search_term_string}"},"query-input":{"@type":"PropertyValueSpecification","valueRequired":true,"valueName":"search_term_string"}}],"inLanguage":"fr-FR"},{"@type":"Organization","@id":"https:\/\/noodle-graphique.com\/#organization","name":"Noodle Graphique","url":"https:\/\/noodle-graphique.com\/","logo":{"@type":"ImageObject","inLanguage":"fr-FR","@id":"https:\/\/noodle-graphique.com\/#\/schema\/logo\/image\/","url":"https:\/\/noodle-graphique.com\/wp-content\/uploads\/2020\/10\/cropped-NOODLE-Logo_WEB_470x110-Gauche.gif","contentUrl":"https:\/\/noodle-graphique.com\/wp-content\/uploads\/2020\/10\/cropped-NOODLE-Logo_WEB_470x110-Gauche.gif","width":461,"height":98,"caption":"Noodle Graphique"},"image":{"@id":"https:\/\/noodle-graphique.com\/#\/schema\/logo\/image\/"}}]}},"_links":{"self":[{"href":"https:\/\/noodle-graphique.com\/index.php\/wp-json\/wp\/v2\/pages\/10306","targetHints":{"allow":["GET"]}}],"collection":[{"href":"https:\/\/noodle-graphique.com\/index.php\/wp-json\/wp\/v2\/pages"}],"about":[{"href":"https:\/\/noodle-graphique.com\/index.php\/wp-json\/wp\/v2\/types\/page"}],"author":[{"embeddable":true,"href":"https:\/\/noodle-graphique.com\/index.php\/wp-json\/wp\/v2\/users\/1"}],"replies":[{"embeddable":true,"href":"https:\/\/noodle-graphique.com\/index.php\/wp-json\/wp\/v2\/comments?post=10306"}],"version-history":[{"count":0,"href":"https:\/\/noodle-graphique.com\/index.php\/wp-json\/wp\/v2\/pages\/10306\/revisions"}],"up":[{"embeddable":true,"href":"https:\/\/noodle-graphique.com\/index.php\/wp-json\/wp\/v2\/pages\/472"}],"wp:attachment":[{"href":"https:\/\/noodle-graphique.com\/index.php\/wp-json\/wp\/v2\/media?parent=10306"}],"curies":[{"name":"wp","href":"https:\/\/api.w.org\/{rel}","templated":true}]}}