{"id":10487,"date":"2022-01-12T11:39:14","date_gmt":"2022-01-12T10:39:14","guid":{"rendered":"https:\/\/noodle-graphique.com\/?page_id=10487"},"modified":"2025-01-10T15:46:31","modified_gmt":"2025-01-10T14:46:31","slug":"commencer-finir-broderie","status":"publish","type":"page","link":"https:\/\/noodle-graphique.com\/index.php\/atelier-broderie\/tutos-broderie\/commencer-finir-broderie\/","title":{"rendered":"Pour bien d\u00e9marrer | Tuto"},"content":{"rendered":"<div id=\"pl-10487\"  class=\"panel-layout\" ><div id=\"pg-10487-0\"  class=\"panel-grid panel-no-style\" ><div id=\"pgc-10487-0-0\"  class=\"panel-grid-cell\" ><div id=\"panel-10487-0-0-0\" class=\"so-panel widget widget_sow-editor panel-first-child panel-last-child\" data-index=\"0\" ><div\n\t\t\t\n\t\t\tclass=\"so-widget-sow-editor so-widget-sow-editor-base\"\n\t\t\t\n\t\t>\n<div class=\"siteorigin-widget-tinymce textwidget\">\n\t<h1 style=\"text-align: center;\"><span style=\"font-size: 36pt; color: #5b2c50;\">Pour bien d\u00e9marrer | Tuto<\/span><\/h1>\n<p style=\"text-align: center;\"><span style=\"color: #5b2c50; font-size: 14pt;\">Vous vous lancez ? D\u00e9couvrez nos conseils, trucs et astuces pour commencer et finir facilement votre broderie.<\/span><\/p>\n<p><span style=\"font-size: 14pt; color: #ffffff;\">XXX<\/span><\/p>\n<\/div>\n<\/div><\/div><\/div><\/div><div id=\"pg-10487-1\"  class=\"panel-grid panel-no-style\" ><div id=\"pgc-10487-1-0\"  class=\"panel-grid-cell\" ><div id=\"panel-10487-1-0-0\" class=\"so-panel widget widget_sow-image panel-first-child panel-last-child\" data-index=\"1\" ><div\n\t\t\t\n\t\t\tclass=\"so-widget-sow-image so-widget-sow-image-default-8b5b6f678277-10487\"\n\t\t\t\n\t\t>\n<div class=\"sow-image-container\">\n\t\t<img \n\tsrc=\"https:\/\/noodle-graphique.com\/wp-content\/uploads\/2018\/05\/Manucure-broderie_Tuto.gif\" width=\"800\" height=\"461\" sizes=\"(max-width: 800px) 100vw, 800px\" alt=\"\" \t\tclass=\"so-widget-image\"\/>\n\t<\/div>\n\n<\/div><\/div><\/div><div id=\"pgc-10487-1-1\"  class=\"panel-grid-cell\" ><div id=\"panel-10487-1-1-0\" class=\"so-panel widget widget_sow-editor panel-first-child panel-last-child\" data-index=\"2\" ><div\n\t\t\t\n\t\t\tclass=\"so-widget-sow-editor so-widget-sow-editor-base\"\n\t\t\t\n\t\t><h3 class=\"widget-title\">SOIN DES MAINS<\/h3>\n<div class=\"siteorigin-widget-tinymce textwidget\">\n\t<p style=\"text-align: left;\">Pour \u00e9viter que le fil ne s\u2019accroche \u00e0 vos ongles ou \u00e0 votre peau comme \u00e0 un velcro : pensez \u00e0 bien hydrater vos mains et \u00e0 vous limer les ongles !<\/p>\n<p><span style=\"color: #ffffff;\">XXX<\/span><\/p>\n<\/div>\n<\/div><\/div><\/div><\/div><div id=\"pg-10487-2\"  class=\"panel-grid panel-no-style\" ><div id=\"pgc-10487-2-0\"  class=\"panel-grid-cell\" ><div id=\"panel-10487-2-0-0\" class=\"so-panel widget widget_sow-image panel-first-child panel-last-child\" data-index=\"3\" ><div\n\t\t\t\n\t\t\tclass=\"so-widget-sow-image so-widget-sow-image-default-8b5b6f678277-10487\"\n\t\t\t\n\t\t>\n<div class=\"sow-image-container\">\n\t\t<img \n\tsrc=\"https:\/\/noodle-graphique.com\/wp-content\/uploads\/2018\/10\/Noodlegraphique_concept-1.jpg\" width=\"640\" height=\"640\" srcset=\"https:\/\/noodle-graphique.com\/wp-content\/uploads\/2018\/10\/Noodlegraphique_concept-1.jpg 640w, https:\/\/noodle-graphique.com\/wp-content\/uploads\/2018\/10\/Noodlegraphique_concept-1-180x180.jpg 180w, https:\/\/noodle-graphique.com\/wp-content\/uploads\/2018\/10\/Noodlegraphique_concept-1-350x350.jpg 350w, https:\/\/noodle-graphique.com\/wp-content\/uploads\/2018\/10\/Noodlegraphique_concept-1-324x324.jpg 324w, https:\/\/noodle-graphique.com\/wp-content\/uploads\/2018\/10\/Noodlegraphique_concept-1-416x416.jpg 416w, https:\/\/noodle-graphique.com\/wp-content\/uploads\/2018\/10\/Noodlegraphique_concept-1-100x100.jpg 100w\" sizes=\"(max-width: 640px) 100vw, 640px\" alt=\"\" \t\tclass=\"so-widget-image\"\/>\n\t<\/div>\n\n<\/div><\/div><\/div><div id=\"pgc-10487-2-1\"  class=\"panel-grid-cell\" ><div id=\"panel-10487-2-1-0\" class=\"so-panel widget widget_sow-editor panel-first-child panel-last-child\" data-index=\"4\" ><div\n\t\t\t\n\t\t\tclass=\"so-widget-sow-editor so-widget-sow-editor-base\"\n\t\t\t\n\t\t><h3 class=\"widget-title\">PR\u00c9PARER DES AIGUILL\u00c9ES<\/h3>\n<div class=\"siteorigin-widget-tinymce textwidget\">\n\t<p style=\"text-align: left;\">- Munissez-vous du fil \u00e0 broder fourni dans votre <a href=\"https:\/\/noodle-graphique.com\/index.php\/shop\/\">kit Noodle Graphique<\/a>.<br \/>\n- Tirez doucement sur l\u2019extr\u00e9mit\u00e9 du fil et coupez des aiguill\u00e9es* de 30 \u00e0 40 cm de long environ (longueur de votre avant-bras).<\/p>\n<p style=\"text-align: left;\"><span style=\"font-size: 10pt; color: #808080;\"><em>* Longueur de fil enfil\u00e9e sur une aiguille<\/em><\/span><\/p>\n<p><span style=\"color: #ffffff;\">XXX<\/span><\/p>\n<\/div>\n<\/div><\/div><\/div><\/div><div id=\"pg-10487-3\"  class=\"panel-grid panel-no-style\" ><div id=\"pgc-10487-3-0\"  class=\"panel-grid-cell\" ><div id=\"panel-10487-3-0-0\" class=\"so-panel widget widget_sow-image panel-first-child panel-last-child\" data-index=\"5\" ><div\n\t\t\t\n\t\t\tclass=\"so-widget-sow-image so-widget-sow-image-default-8b5b6f678277-10487\"\n\t\t\t\n\t\t>\n<div class=\"sow-image-container\">\n\t\t<img \n\tsrc=\"https:\/\/noodle-graphique.com\/wp-content\/uploads\/2022\/01\/commencer-finir-broderie_separer-fil.jpg\" width=\"640\" height=\"640\" srcset=\"https:\/\/noodle-graphique.com\/wp-content\/uploads\/2022\/01\/commencer-finir-broderie_separer-fil.jpg 640w, https:\/\/noodle-graphique.com\/wp-content\/uploads\/2022\/01\/commencer-finir-broderie_separer-fil-350x350.jpg 350w, https:\/\/noodle-graphique.com\/wp-content\/uploads\/2022\/01\/commencer-finir-broderie_separer-fil-180x180.jpg 180w, https:\/\/noodle-graphique.com\/wp-content\/uploads\/2022\/01\/commencer-finir-broderie_separer-fil-324x324.jpg 324w, https:\/\/noodle-graphique.com\/wp-content\/uploads\/2022\/01\/commencer-finir-broderie_separer-fil-416x416.jpg 416w, https:\/\/noodle-graphique.com\/wp-content\/uploads\/2022\/01\/commencer-finir-broderie_separer-fil-100x100.jpg 100w\" sizes=\"(max-width: 640px) 100vw, 640px\" alt=\"\" \t\tclass=\"so-widget-image\"\/>\n\t<\/div>\n\n<\/div><\/div><\/div><div id=\"pgc-10487-3-1\"  class=\"panel-grid-cell\" ><div id=\"panel-10487-3-1-0\" class=\"so-panel widget widget_sow-editor panel-first-child panel-last-child\" data-index=\"6\" ><div\n\t\t\t\n\t\t\tclass=\"so-widget-sow-editor so-widget-sow-editor-base\"\n\t\t\t\n\t\t><h3 class=\"widget-title\">S\u00c9PARER LES FILS<\/h3>\n<div class=\"siteorigin-widget-tinymce textwidget\">\n\t<p style=\"text-align: left;\">La plupart des fils \u00e0 broder, comme le coton moulin\u00e9, est compos\u00e9e de 6 brins mais ne s\u2019utilise par forc\u00e9ment tel quel. Selon les instructions des kits , vous devrez s\u00e9parer le fil en aiguill\u00e9e simple (1 brin), double (2 brins) ou triple ( 3 brins). Voici une astuce toute personnelle pour s\u00e9parer facilement les fils :<br \/>\n- Bloquez une extr\u00e9mit\u00e9 du fil entre vos genoux.<br \/>\n- A l\u2019autre extr\u00e9mit\u00e9, s\u00e9parez le fil en maintenant tendus, dans une main, le nombre de brins souhait\u00e9 et, dans l\u2019autre, le reste de fil.<br \/>\n-Tirez lentement en \u00e9loignant progressivement vos mains l\u2019une de l\u2019autre jusqu\u2019\u00e0 ce que les brins soient compl\u00e8tement s\u00e9par\u00e9s du reste de fil.<\/p>\n<\/div>\n<\/div><\/div><\/div><\/div><div id=\"pg-10487-4\"  class=\"panel-grid panel-no-style\" ><div id=\"pgc-10487-4-0\"  class=\"panel-grid-cell\" ><div id=\"panel-10487-4-0-0\" class=\"so-panel widget widget_sow-image panel-first-child panel-last-child\" data-index=\"7\" ><div\n\t\t\t\n\t\t\tclass=\"so-widget-sow-image so-widget-sow-image-default-8b5b6f678277-10487\"\n\t\t\t\n\t\t>\n<div class=\"sow-image-container\">\n\t\t<img \n\tsrc=\"https:\/\/noodle-graphique.com\/wp-content\/uploads\/2022\/01\/commencer-finir-broderie_enfile-aiguille.jpg\" width=\"640\" height=\"640\" srcset=\"https:\/\/noodle-graphique.com\/wp-content\/uploads\/2022\/01\/commencer-finir-broderie_enfile-aiguille.jpg 640w, https:\/\/noodle-graphique.com\/wp-content\/uploads\/2022\/01\/commencer-finir-broderie_enfile-aiguille-350x350.jpg 350w, https:\/\/noodle-graphique.com\/wp-content\/uploads\/2022\/01\/commencer-finir-broderie_enfile-aiguille-180x180.jpg 180w, https:\/\/noodle-graphique.com\/wp-content\/uploads\/2022\/01\/commencer-finir-broderie_enfile-aiguille-324x324.jpg 324w, https:\/\/noodle-graphique.com\/wp-content\/uploads\/2022\/01\/commencer-finir-broderie_enfile-aiguille-416x416.jpg 416w, https:\/\/noodle-graphique.com\/wp-content\/uploads\/2022\/01\/commencer-finir-broderie_enfile-aiguille-100x100.jpg 100w\" sizes=\"(max-width: 640px) 100vw, 640px\" alt=\"\" \t\tclass=\"so-widget-image\"\/>\n\t<\/div>\n\n<\/div><\/div><\/div><div id=\"pgc-10487-4-1\"  class=\"panel-grid-cell\" ><div id=\"panel-10487-4-1-0\" class=\"so-panel widget widget_sow-editor panel-first-child panel-last-child\" data-index=\"8\" ><div\n\t\t\t\n\t\t\tclass=\"so-widget-sow-editor so-widget-sow-editor-base\"\n\t\t\t\n\t\t><h3 class=\"widget-title\">ENFILER L\u2019AIGUILLE<\/h3>\n<div class=\"siteorigin-widget-tinymce textwidget\">\n\t<p>Vous avez une bonne vue ? Visez le chat de l'aiguille avec le bout du fil l\u00e9g\u00e8rement humidifi\u00e9.<\/p>\n<p>Sinon, utilisez un enfile-aiguille :<br \/>\n- Coupez le fil net.<br \/>\n- Glissez la fine boucle de l\u2019enfile-aiguille dans le chas de l\u2019aiguille.<br \/>\n- Faites entrer le fil dans la boucle de l\u2019enfile-aiguille.<br \/>\n- Retirez l\u2019enfile aiguille avec le fil, hors du chas et ajustez le fil sur l\u2019aiguille.<\/p>\n<p><span style=\"color: #ffffff;\">XXX<\/span><\/p>\n<\/div>\n<\/div><\/div><\/div><\/div><div id=\"pg-10487-5\"  class=\"panel-grid panel-no-style\" ><div id=\"pgc-10487-5-0\"  class=\"panel-grid-cell\" ><div id=\"panel-10487-5-0-0\" class=\"so-panel widget widget_sow-image panel-first-child panel-last-child\" data-index=\"9\" ><div\n\t\t\t\n\t\t\tclass=\"so-widget-sow-image so-widget-sow-image-default-8b5b6f678277-10487\"\n\t\t\t\n\t\t>\n<div class=\"sow-image-container\">\n\t\t<img \n\tsrc=\"https:\/\/noodle-graphique.com\/wp-content\/uploads\/2022\/01\/commencer-finir-broderie_finir-aiguillee-2.jpg\" width=\"640\" height=\"640\" srcset=\"https:\/\/noodle-graphique.com\/wp-content\/uploads\/2022\/01\/commencer-finir-broderie_finir-aiguillee-2.jpg 640w, https:\/\/noodle-graphique.com\/wp-content\/uploads\/2022\/01\/commencer-finir-broderie_finir-aiguillee-2-350x350.jpg 350w, https:\/\/noodle-graphique.com\/wp-content\/uploads\/2022\/01\/commencer-finir-broderie_finir-aiguillee-2-180x180.jpg 180w, https:\/\/noodle-graphique.com\/wp-content\/uploads\/2022\/01\/commencer-finir-broderie_finir-aiguillee-2-324x324.jpg 324w, https:\/\/noodle-graphique.com\/wp-content\/uploads\/2022\/01\/commencer-finir-broderie_finir-aiguillee-2-416x416.jpg 416w, https:\/\/noodle-graphique.com\/wp-content\/uploads\/2022\/01\/commencer-finir-broderie_finir-aiguillee-2-100x100.jpg 100w\" sizes=\"(max-width: 640px) 100vw, 640px\" alt=\"\" \t\tclass=\"so-widget-image\"\/>\n\t<\/div>\n\n<\/div><\/div><\/div><div id=\"pgc-10487-5-1\"  class=\"panel-grid-cell\" ><div id=\"panel-10487-5-1-0\" class=\"so-panel widget widget_sow-editor panel-first-child panel-last-child\" data-index=\"10\" ><div\n\t\t\t\n\t\t\tclass=\"so-widget-sow-editor so-widget-sow-editor-base\"\n\t\t\t\n\t\t><h3 class=\"widget-title\">COMMENCER ET TERMINER UNE AIGUILL\u00c9E<\/h3>\n<div class=\"siteorigin-widget-tinymce textwidget\">\n\t<p>Pour les broderies sur tissu \u00e9pais ou rigide (feutrine, casquette, tote bag par exemple), Il suffit de nouer l'extr\u00e9mit\u00e9 du fil avant d'attaquer le premier point.<\/p>\n<p>Pour les supports en tissu plus fin et fluide (coton, tee-shirt, sweat...), il ne faut pas faire de n\u0153ud pour \u00e9viter la formation de reliefs\u00a0 ind\u00e9sirables : laissez pendre au dos de l'ouvrage 3-4 cm de fil environ que vous enfilerez \u00e0 la fin de l'aiguill\u00e9e.<\/p>\n<p>Pour terminer une aguill\u00e9e, quelque soit le tissu choisi, retournez votre ouvrage sur l'envers et glissez l'aiguille dans les 2 ou 3 points pr\u00e9c\u00e9dents, sans piquer le tissu. Tirez le fil flottant et coupez le fil exc\u00e9dentaire au plus pr\u00e8s du tissu.<\/p>\n<p><span style=\"color: #ffffff;\">XXX<\/span><\/p>\n<\/div>\n<\/div><\/div><\/div><\/div><div id=\"pg-10487-6\"  class=\"panel-grid panel-no-style\" ><div id=\"pgc-10487-6-0\"  class=\"panel-grid-cell\" ><div id=\"panel-10487-6-0-0\" class=\"so-panel widget widget_sow-image panel-first-child panel-last-child\" data-index=\"11\" ><div\n\t\t\t\n\t\t\tclass=\"so-widget-sow-image so-widget-sow-image-default-8b5b6f678277-10487\"\n\t\t\t\n\t\t>\n<div class=\"sow-image-container\">\n\t\t<img \n\tsrc=\"https:\/\/noodle-graphique.com\/wp-content\/uploads\/2018\/09\/TETRIS_RTBM_noodlegraphique-2.jpg\" width=\"640\" height=\"640\" srcset=\"https:\/\/noodle-graphique.com\/wp-content\/uploads\/2018\/09\/TETRIS_RTBM_noodlegraphique-2.jpg 640w, https:\/\/noodle-graphique.com\/wp-content\/uploads\/2018\/09\/TETRIS_RTBM_noodlegraphique-2-350x350.jpg 350w, https:\/\/noodle-graphique.com\/wp-content\/uploads\/2018\/09\/TETRIS_RTBM_noodlegraphique-2-180x180.jpg 180w, https:\/\/noodle-graphique.com\/wp-content\/uploads\/2018\/09\/TETRIS_RTBM_noodlegraphique-2-324x324.jpg 324w, https:\/\/noodle-graphique.com\/wp-content\/uploads\/2018\/09\/TETRIS_RTBM_noodlegraphique-2-416x416.jpg 416w, https:\/\/noodle-graphique.com\/wp-content\/uploads\/2018\/09\/TETRIS_RTBM_noodlegraphique-2-100x100.jpg 100w\" sizes=\"(max-width: 640px) 100vw, 640px\" alt=\"\" \t\tclass=\"so-widget-image\"\/>\n\t<\/div>\n\n<\/div><\/div><\/div><div id=\"pgc-10487-6-1\"  class=\"panel-grid-cell\" ><div id=\"panel-10487-6-1-0\" class=\"so-panel widget widget_sow-editor panel-first-child panel-last-child\" data-index=\"12\" ><div\n\t\t\t\n\t\t\tclass=\"so-widget-sow-editor so-widget-sow-editor-base\"\n\t\t\t\n\t\t><h3 class=\"widget-title\">UTILISER UN CERCLE A BRODER<\/h3>\n<div class=\"siteorigin-widget-tinymce textwidget\">\n\t<p>L\u2019utilisation du cercle \u00e0 broder (tambour) est vivement conseill\u00e9 pour les supports fins ou souples (customisation de v\u00eatements pas exemple) : il permet, en effet, d\u2019\u00e9viter de d\u00e9former la tissu et de broder des points r\u00e9guliers.<\/p>\n<p>- S\u00e9parez l\u2019anneau int\u00e9rieur (le plus petit) et l\u2019anneau ext\u00e9rieur (le plus grand) en desserrant la vis.<br \/>\n- Positionnez le tissu centr\u00e9 sur l\u2019anneau int\u00e9rieur.<br \/>\n- Placez et enfoncez l\u2019anneau ext\u00e9rieur sur le tissu et l\u2019anneau int\u00e9rieur.<br \/>\n- Ajustez la tension du tissu tout autour du tambour pendant que vous resserrez progressivement la vis.<\/p>\n<p><span style=\"color: #ffffff;\">XXX<\/span><\/p>\n<\/div>\n<\/div><\/div><\/div><\/div><div id=\"pg-10487-7\"  class=\"panel-grid panel-no-style\" ><div id=\"pgc-10487-7-0\"  class=\"panel-grid-cell\" ><div id=\"panel-10487-7-0-0\" class=\"so-panel widget widget_sow-editor panel-first-child panel-last-child\" data-index=\"13\" ><div\n\t\t\t\n\t\t\tclass=\"so-widget-sow-editor so-widget-sow-editor-base\"\n\t\t\t\n\t\t><h3 class=\"widget-title\">TIPS BRODERIE<\/h3>\n<div class=\"siteorigin-widget-tinymce textwidget\">\n\t<p><strong><span style=\"color: #5b2c50;\">Contrairement \u00e0 certains a priori, la broderie est une technique simple et tr\u00e8s accessible : avec un peu de patience et de la pratique, vous allez prendre confiance et vite progresser.<\/span><\/strong><br \/>\n<strong><span style=\"color: #5b2c50;\">N\u2019oubliez pas : ne soyez pas perfectionniste, vous risquez de perdre le plaisir !<\/span><\/strong><\/p>\n<p><span style=\"color: #ffffff;\">XXX<\/span><\/p>\n<\/div>\n<\/div><\/div><\/div><\/div><\/div>","protected":false},"excerpt":{"rendered":"<p>Pour bien d\u00e9marrer | Tuto Vous vous lancez ? D\u00e9couvrez nos conseils, trucs et astuces pour commencer et finir facilement votre broderie. XXX Pour \u00e9viter que le fil ne s\u2019accroche \u00e0 vos ongles ou \u00e0 votre peau comme \u00e0 un velcro : pensez \u00e0 bien hydrater vos mains et \u00e0 vous limer les ongles ! [&hellip;]<\/p>\n","protected":false},"author":1,"featured_media":0,"parent":472,"menu_order":0,"comment_status":"closed","ping_status":"closed","template":"","meta":{"footnotes":""},"class_list":["post-10487","page","type-page","status-publish","hentry"],"yoast_head":"<!-- This site is optimized with the Yoast SEO plugin v27.4 - https:\/\/yoast.com\/product\/yoast-seo-wordpress\/ -->\n<title>Pour bien d\u00e9marrer | Tuto - Noodle Graphique<\/title>\n<meta name=\"description\" content=\"Avec le tuto Pour bien d\u00e9marrer, d\u00e9couvrez nos trucs pour que la broderie soit une technique fun et reste un plaisir !\" \/>\n<meta name=\"robots\" content=\"index, follow, max-snippet:-1, max-image-preview:large, max-video-preview:-1\" \/>\n<link rel=\"canonical\" href=\"https:\/\/noodle-graphique.com\/index.php\/atelier-broderie\/tutos-broderie\/commencer-finir-broderie\/\" \/>\n<meta property=\"og:locale\" content=\"fr_FR\" \/>\n<meta property=\"og:type\" content=\"article\" \/>\n<meta property=\"og:title\" content=\"Pour bien d\u00e9marrer | Tuto - Noodle Graphique\" \/>\n<meta property=\"og:description\" content=\"Avec le tuto Pour bien d\u00e9marrer, d\u00e9couvrez nos trucs pour que la broderie soit une technique fun et reste un plaisir !\" \/>\n<meta property=\"og:url\" content=\"https:\/\/noodle-graphique.com\/index.php\/atelier-broderie\/tutos-broderie\/commencer-finir-broderie\/\" \/>\n<meta property=\"og:site_name\" content=\"Noodle Graphique\" \/>\n<meta property=\"article:modified_time\" content=\"2025-01-10T14:46:31+00:00\" \/>\n<meta name=\"twitter:card\" content=\"summary_large_image\" \/>\n<meta name=\"twitter:label1\" content=\"Dur\u00e9e de lecture estim\u00e9e\" \/>\n\t<meta name=\"twitter:data1\" content=\"4 minutes\" \/>\n<script type=\"application\/ld+json\" class=\"yoast-schema-graph\">{\"@context\":\"https:\\\/\\\/schema.org\",\"@graph\":[{\"@type\":\"WebPage\",\"@id\":\"https:\\\/\\\/noodle-graphique.com\\\/index.php\\\/atelier-broderie\\\/tutos-broderie\\\/commencer-finir-broderie\\\/\",\"url\":\"https:\\\/\\\/noodle-graphique.com\\\/index.php\\\/atelier-broderie\\\/tutos-broderie\\\/commencer-finir-broderie\\\/\",\"name\":\"Pour bien d\u00e9marrer | Tuto - Noodle Graphique\",\"isPartOf\":{\"@id\":\"https:\\\/\\\/noodle-graphique.com\\\/#website\"},\"datePublished\":\"2022-01-12T10:39:14+00:00\",\"dateModified\":\"2025-01-10T14:46:31+00:00\",\"description\":\"Avec le tuto Pour bien d\u00e9marrer, d\u00e9couvrez nos trucs pour que la broderie soit une technique fun et reste un plaisir !\",\"breadcrumb\":{\"@id\":\"https:\\\/\\\/noodle-graphique.com\\\/index.php\\\/atelier-broderie\\\/tutos-broderie\\\/commencer-finir-broderie\\\/#breadcrumb\"},\"inLanguage\":\"fr-FR\",\"potentialAction\":[{\"@type\":\"ReadAction\",\"target\":[\"https:\\\/\\\/noodle-graphique.com\\\/index.php\\\/atelier-broderie\\\/tutos-broderie\\\/commencer-finir-broderie\\\/\"]}]},{\"@type\":\"BreadcrumbList\",\"@id\":\"https:\\\/\\\/noodle-graphique.com\\\/index.php\\\/atelier-broderie\\\/tutos-broderie\\\/commencer-finir-broderie\\\/#breadcrumb\",\"itemListElement\":[{\"@type\":\"ListItem\",\"position\":1,\"name\":\"Accueil\",\"item\":\"https:\\\/\\\/noodle-graphique.com\\\/\"},{\"@type\":\"ListItem\",\"position\":2,\"name\":\"Atelier broderie\",\"item\":\"https:\\\/\\\/noodle-graphique.com\\\/index.php\\\/atelier-broderie\\\/\"},{\"@type\":\"ListItem\",\"position\":3,\"name\":\"TUTOS\",\"item\":\"https:\\\/\\\/noodle-graphique.com\\\/index.php\\\/atelier-broderie\\\/tutos-broderie\\\/\"},{\"@type\":\"ListItem\",\"position\":4,\"name\":\"Pour bien d\u00e9marrer | Tuto\"}]},{\"@type\":\"WebSite\",\"@id\":\"https:\\\/\\\/noodle-graphique.com\\\/#website\",\"url\":\"https:\\\/\\\/noodle-graphique.com\\\/\",\"name\":\"Noodle Graphique\",\"description\":\"Kits de broderie complets, tous niveaux, tout beaux\",\"publisher\":{\"@id\":\"https:\\\/\\\/noodle-graphique.com\\\/#organization\"},\"potentialAction\":[{\"@type\":\"SearchAction\",\"target\":{\"@type\":\"EntryPoint\",\"urlTemplate\":\"https:\\\/\\\/noodle-graphique.com\\\/?s={search_term_string}\"},\"query-input\":{\"@type\":\"PropertyValueSpecification\",\"valueRequired\":true,\"valueName\":\"search_term_string\"}}],\"inLanguage\":\"fr-FR\"},{\"@type\":\"Organization\",\"@id\":\"https:\\\/\\\/noodle-graphique.com\\\/#organization\",\"name\":\"Noodle Graphique\",\"url\":\"https:\\\/\\\/noodle-graphique.com\\\/\",\"logo\":{\"@type\":\"ImageObject\",\"inLanguage\":\"fr-FR\",\"@id\":\"https:\\\/\\\/noodle-graphique.com\\\/#\\\/schema\\\/logo\\\/image\\\/\",\"url\":\"https:\\\/\\\/noodle-graphique.com\\\/wp-content\\\/uploads\\\/2020\\\/10\\\/cropped-NOODLE-Logo_WEB_470x110-Gauche.gif\",\"contentUrl\":\"https:\\\/\\\/noodle-graphique.com\\\/wp-content\\\/uploads\\\/2020\\\/10\\\/cropped-NOODLE-Logo_WEB_470x110-Gauche.gif\",\"width\":461,\"height\":98,\"caption\":\"Noodle Graphique\"},\"image\":{\"@id\":\"https:\\\/\\\/noodle-graphique.com\\\/#\\\/schema\\\/logo\\\/image\\\/\"}}]}<\/script>\n<!-- \/ Yoast SEO plugin. -->","yoast_head_json":{"title":"Pour bien d\u00e9marrer | Tuto - Noodle Graphique","description":"Avec le tuto Pour bien d\u00e9marrer, d\u00e9couvrez nos trucs pour que la broderie soit une technique fun et reste un plaisir !","robots":{"index":"index","follow":"follow","max-snippet":"max-snippet:-1","max-image-preview":"max-image-preview:large","max-video-preview":"max-video-preview:-1"},"canonical":"https:\/\/noodle-graphique.com\/index.php\/atelier-broderie\/tutos-broderie\/commencer-finir-broderie\/","og_locale":"fr_FR","og_type":"article","og_title":"Pour bien d\u00e9marrer | Tuto - Noodle Graphique","og_description":"Avec le tuto Pour bien d\u00e9marrer, d\u00e9couvrez nos trucs pour que la broderie soit une technique fun et reste un plaisir !","og_url":"https:\/\/noodle-graphique.com\/index.php\/atelier-broderie\/tutos-broderie\/commencer-finir-broderie\/","og_site_name":"Noodle Graphique","article_modified_time":"2025-01-10T14:46:31+00:00","twitter_card":"summary_large_image","twitter_misc":{"Dur\u00e9e de lecture estim\u00e9e":"4 minutes"},"schema":{"@context":"https:\/\/schema.org","@graph":[{"@type":"WebPage","@id":"https:\/\/noodle-graphique.com\/index.php\/atelier-broderie\/tutos-broderie\/commencer-finir-broderie\/","url":"https:\/\/noodle-graphique.com\/index.php\/atelier-broderie\/tutos-broderie\/commencer-finir-broderie\/","name":"Pour bien d\u00e9marrer | Tuto - Noodle Graphique","isPartOf":{"@id":"https:\/\/noodle-graphique.com\/#website"},"datePublished":"2022-01-12T10:39:14+00:00","dateModified":"2025-01-10T14:46:31+00:00","description":"Avec le tuto Pour bien d\u00e9marrer, d\u00e9couvrez nos trucs pour que la broderie soit une technique fun et reste un plaisir !","breadcrumb":{"@id":"https:\/\/noodle-graphique.com\/index.php\/atelier-broderie\/tutos-broderie\/commencer-finir-broderie\/#breadcrumb"},"inLanguage":"fr-FR","potentialAction":[{"@type":"ReadAction","target":["https:\/\/noodle-graphique.com\/index.php\/atelier-broderie\/tutos-broderie\/commencer-finir-broderie\/"]}]},{"@type":"BreadcrumbList","@id":"https:\/\/noodle-graphique.com\/index.php\/atelier-broderie\/tutos-broderie\/commencer-finir-broderie\/#breadcrumb","itemListElement":[{"@type":"ListItem","position":1,"name":"Accueil","item":"https:\/\/noodle-graphique.com\/"},{"@type":"ListItem","position":2,"name":"Atelier broderie","item":"https:\/\/noodle-graphique.com\/index.php\/atelier-broderie\/"},{"@type":"ListItem","position":3,"name":"TUTOS","item":"https:\/\/noodle-graphique.com\/index.php\/atelier-broderie\/tutos-broderie\/"},{"@type":"ListItem","position":4,"name":"Pour bien d\u00e9marrer | Tuto"}]},{"@type":"WebSite","@id":"https:\/\/noodle-graphique.com\/#website","url":"https:\/\/noodle-graphique.com\/","name":"Noodle Graphique","description":"Kits de broderie complets, tous niveaux, tout beaux","publisher":{"@id":"https:\/\/noodle-graphique.com\/#organization"},"potentialAction":[{"@type":"SearchAction","target":{"@type":"EntryPoint","urlTemplate":"https:\/\/noodle-graphique.com\/?s={search_term_string}"},"query-input":{"@type":"PropertyValueSpecification","valueRequired":true,"valueName":"search_term_string"}}],"inLanguage":"fr-FR"},{"@type":"Organization","@id":"https:\/\/noodle-graphique.com\/#organization","name":"Noodle Graphique","url":"https:\/\/noodle-graphique.com\/","logo":{"@type":"ImageObject","inLanguage":"fr-FR","@id":"https:\/\/noodle-graphique.com\/#\/schema\/logo\/image\/","url":"https:\/\/noodle-graphique.com\/wp-content\/uploads\/2020\/10\/cropped-NOODLE-Logo_WEB_470x110-Gauche.gif","contentUrl":"https:\/\/noodle-graphique.com\/wp-content\/uploads\/2020\/10\/cropped-NOODLE-Logo_WEB_470x110-Gauche.gif","width":461,"height":98,"caption":"Noodle Graphique"},"image":{"@id":"https:\/\/noodle-graphique.com\/#\/schema\/logo\/image\/"}}]}},"_links":{"self":[{"href":"https:\/\/noodle-graphique.com\/index.php\/wp-json\/wp\/v2\/pages\/10487","targetHints":{"allow":["GET"]}}],"collection":[{"href":"https:\/\/noodle-graphique.com\/index.php\/wp-json\/wp\/v2\/pages"}],"about":[{"href":"https:\/\/noodle-graphique.com\/index.php\/wp-json\/wp\/v2\/types\/page"}],"author":[{"embeddable":true,"href":"https:\/\/noodle-graphique.com\/index.php\/wp-json\/wp\/v2\/users\/1"}],"replies":[{"embeddable":true,"href":"https:\/\/noodle-graphique.com\/index.php\/wp-json\/wp\/v2\/comments?post=10487"}],"version-history":[{"count":0,"href":"https:\/\/noodle-graphique.com\/index.php\/wp-json\/wp\/v2\/pages\/10487\/revisions"}],"up":[{"embeddable":true,"href":"https:\/\/noodle-graphique.com\/index.php\/wp-json\/wp\/v2\/pages\/472"}],"wp:attachment":[{"href":"https:\/\/noodle-graphique.com\/index.php\/wp-json\/wp\/v2\/media?parent=10487"}],"curies":[{"name":"wp","href":"https:\/\/api.w.org\/{rel}","templated":true}]}}