{"id":6263,"date":"2020-02-01T16:35:39","date_gmt":"2020-02-01T15:35:39","guid":{"rendered":"https:\/\/noodle-graphique.com\/?post_type=product&#038;p=6263"},"modified":"2025-11-14T14:41:00","modified_gmt":"2025-11-14T13:41:00","slug":"culottee","status":"publish","type":"product","link":"https:\/\/noodle-graphique.com\/index.php\/produit\/culottee\/","title":{"rendered":"Culott\u00e9e | Pi\u00e8ce brod\u00e9e"},"content":{"rendered":"<div id=\"yui_3_16_0_ym19_1_1503062374600_115439\" class=\"yiv7556767744\">\n<div id=\"yui_3_16_0_ym19_1_1503062374600_115439\" class=\"yiv7556767744\">\n<div class=\"yiv7556767744\">\n<p><span style=\"font-size: 14pt; color: #000000;\"><strong>Broderie culott\u00e9e<br \/>\n<\/strong><\/span>Naturellement cach\u00e9 sous la peau, l&rsquo;appareil g\u00e9nitale f\u00e9minin est ici montr\u00e9 et assum\u00e9.<br \/>\nUne fois brod\u00e9e, l&rsquo;illustration naturaliste devient un motif d\u00e9coratif color\u00e9 et expressif.<\/p>\n<p>Encadr\u00e9 et fix\u00e9 au mur comme nombre d&rsquo;ouvrages de dames, cette pi\u00e8ce unique \u00ab\u00a0Culott\u00e9e\u00a0\u00bb ajoutera une touche d\u00e9cal\u00e9e \u00e0 votre d\u00e9coration int\u00e9rieure (la culotte brod\u00e9e est livr\u00e9e sans cadre).<\/p>\n<p>&nbsp;<\/p>\n<p><b>Graphiquement d\u00e9cal\u00e9es, nos pi\u00e8ces uniques m\u00ealent broderie et supports originaux.<br \/>\n<\/b><span style=\"font-size: 12pt;\">Chacune de nos cr\u00e9ations brod\u00e9es est unique et faite main par la cr\u00e9atrice, en Normandie.\u00a0<\/span><\/p>\n<\/div>\n<p>&nbsp;<\/p>\n<div class=\"yiv7556767744\"><span class=\"yiv7556767744\"><strong>TAILLE :<\/strong><span style=\"color: #000000;\"> 38 \ud83d\ude42 (\u00d8 <a class=\"name mb-xxs-0 mb-xs-5\" style=\"color: #000000;\" href=\"https:\/\/www.decoclico.fr\/cadre-photo-avec-chane-en-verre-et-metal-finition-laiton-vieilli-passage-vernet-p-38361\/taille_horizontal-mm-35x27cm\">30<\/a><\/span> mm environ)<\/span><\/div>\n<\/div>\n<div class=\"yiv7556767744\"><span class=\"yiv7556767744\"><strong>SUPPORT : <\/strong>Culotte 38<strong><br \/>\n<\/strong><\/span><\/div>\n<div><strong>TECHNIQUE :<\/strong> Broderie textile<\/div>\n<\/div>\n<div><\/div>\n<div id=\"yui_3_16_0_ym19_1_1503062374600_115439\" class=\"yiv7556767744\">\n<p>&nbsp;<\/p>\n<div class=\"yiv7556767744\">\n<div><span style=\"font-size: 14pt;\"><strong style=\"color: #5b2c50;\">Avez-vous d\u00e9j\u00e0 test\u00e9 la broderie ?<\/strong><\/span><\/div>\n<\/div>\n<div class=\"yiv7556767744\">\n<div class=\"yiv7556767744\">\n<p><span style=\"font-size: 12pt;\">D\u00e9couvrez les<a href=\"https:\/\/noodle-graphique.com\/index.php\/2018\/03\/09\/les-kits-ready-to-be-made\/\"> kits Ready To Be Made<\/a> de\u00a0NOODLE GRAPHIQUE et le <a href=\"https:\/\/noodle-graphique.com\/index.php\/points-broderie-tuto\/\">tuto Points de Broderi<\/a>e\u00a0id\u00e9al pour s&rsquo;initier \u00e0 la broderie tout en garantissant un joli r\u00e9sultat graphique.<\/span><\/p>\n<\/div>\n<div><span id=\"yui_3_16_0_ym19_1_1503062374600_115544\" class=\"yiv7556767744\" style=\"color: #5b2c50;\"><i id=\"yui_3_16_0_ym19_1_1503062374600_115543\" class=\"yiv7556767744\">Nos cr\u00e9ations sont imagin\u00e9es et fa<span style=\"color: #5b2c50;\">its<\/span> main en Normandie. D\u2019\u00e9ventuelles l\u00e9g\u00e8res diff\u00e9rences de forme, taille, couleur par rapport aux photos doivent donc \u00eatre consid\u00e9r\u00e9s comme les particularit\u00e9s d\u2019une production artisanale.<\/i><\/span><\/div>\n<div><\/div>\n<table border=\"0\" cellspacing=\"0\" cellpadding=\"10\" align=\"center\">\n<tbody>\n<tr>\n<td align=\"center\"><\/td>\n<\/tr>\n<tr>\n<td align=\"center\"><a title=\"PayPal Comment Ca Marche\" href=\"https:\/\/www.paypal.com\/fr\/webapps\/mpp\/paypal-popup\"><img decoding=\"async\" src=\"https:\/\/www.paypalobjects.com\/webstatic\/mktg\/logo-center\/logo_paypal_moyens_paiement_fr.jpg\" alt=\"PayPal Acceptance Mark\" border=\"0\" \/><\/a><\/td>\n<\/tr>\n<\/tbody>\n<\/table>\n<\/div>\n<\/div>\n","protected":false},"excerpt":{"rendered":"<h3><span style=\"font-size: 18pt;\"><strong><span style=\"color: #5b2c50;\">Sous les jupes des filles<\/span><\/strong><\/span><\/h3>\n<p>S&rsquo;inspirant des planches d&rsquo;anatomie humaine et de chirurgie, la broderie \u00ab\u00a0Sous les jupes des filles\u00a0\u00bb met en sc\u00e8ne\u00a0 un appareil g\u00e9nitale f\u00e9minin illustr\u00e9.<\/p>\n","protected":false},"featured_media":6264,"template":"","meta":[],"product_brand":[],"product_cat":[69],"product_tag":[125,122,134],"class_list":{"0":"post-6263","1":"product","2":"type-product","3":"status-publish","4":"has-post-thumbnail","6":"product_cat-creations-brodees","7":"product_tag-motif-anatomique","8":"product_tag-motif-traditionnel","9":"product_tag-piece-unique","10":"product_shipping_class-pieceunique","11":"pif-has-gallery","13":"first","14":"instock","15":"shipping-taxable","16":"purchasable","17":"product-type-simple"},"yoast_head":"<!-- This site is optimized with the Yoast SEO plugin v27.6 - https:\/\/yoast.com\/product\/yoast-seo-wordpress\/ -->\n<title>Culott\u00e9e | Pi\u00e8ce brod\u00e9e - Noodle Graphique<\/title>\n<meta name=\"description\" content=\"&quot;Culott\u00e9e&quot; est une pi\u00e8ce unique, faite main en Normandie, m\u00ealant la broderie, technique traditionnelle \u00e0 un support d\u00e9cal\u00e9.\" \/>\n<meta name=\"robots\" content=\"index, follow, max-snippet:-1, max-image-preview:large, max-video-preview:-1\" \/>\n<link rel=\"canonical\" href=\"https:\/\/noodle-graphique.com\/index.php\/produit\/culottee\/\" \/>\n<meta property=\"og:locale\" content=\"fr_FR\" \/>\n<meta property=\"og:type\" content=\"article\" \/>\n<meta property=\"og:title\" content=\"Culott\u00e9e | Pi\u00e8ce brod\u00e9e - Noodle Graphique\" \/>\n<meta property=\"og:description\" content=\"&quot;Culott\u00e9e&quot; est une pi\u00e8ce unique, faite main en Normandie, m\u00ealant la broderie, technique traditionnelle \u00e0 un support d\u00e9cal\u00e9.\" \/>\n<meta property=\"og:url\" content=\"https:\/\/noodle-graphique.com\/index.php\/produit\/culottee\/\" \/>\n<meta property=\"og:site_name\" content=\"Noodle Graphique\" \/>\n<meta property=\"article:modified_time\" content=\"2025-11-14T13:41:00+00:00\" \/>\n<meta property=\"og:image\" content=\"https:\/\/noodle-graphique.com\/wp-content\/uploads\/2020\/02\/Culotte-Broderie_NOODLE-GRAPHIQUE.jpg\" \/>\n\t<meta property=\"og:image:width\" content=\"1024\" \/>\n\t<meta property=\"og:image:height\" content=\"1024\" \/>\n\t<meta property=\"og:image:type\" content=\"image\/jpeg\" \/>\n<meta name=\"twitter:card\" content=\"summary_large_image\" \/>\n<meta name=\"twitter:label1\" content=\"Dur\u00e9e de lecture estim\u00e9e\" \/>\n\t<meta name=\"twitter:data1\" content=\"1 minute\" \/>\n<script type=\"application\/ld+json\" class=\"yoast-schema-graph\">{\"@context\":\"https:\\\/\\\/schema.org\",\"@graph\":[{\"@type\":\"WebPage\",\"@id\":\"https:\\\/\\\/noodle-graphique.com\\\/index.php\\\/produit\\\/culottee\\\/\",\"url\":\"https:\\\/\\\/noodle-graphique.com\\\/index.php\\\/produit\\\/culottee\\\/\",\"name\":\"Culott\u00e9e | Pi\u00e8ce brod\u00e9e - Noodle Graphique\",\"isPartOf\":{\"@id\":\"https:\\\/\\\/noodle-graphique.com\\\/#website\"},\"primaryImageOfPage\":{\"@id\":\"https:\\\/\\\/noodle-graphique.com\\\/index.php\\\/produit\\\/culottee\\\/#primaryimage\"},\"image\":{\"@id\":\"https:\\\/\\\/noodle-graphique.com\\\/index.php\\\/produit\\\/culottee\\\/#primaryimage\"},\"thumbnailUrl\":\"https:\\\/\\\/noodle-graphique.com\\\/wp-content\\\/uploads\\\/2020\\\/02\\\/Culotte-Broderie_NOODLE-GRAPHIQUE.jpg\",\"datePublished\":\"2020-02-01T15:35:39+00:00\",\"dateModified\":\"2025-11-14T13:41:00+00:00\",\"description\":\"\\\"Culott\u00e9e\\\" est une pi\u00e8ce unique, faite main en Normandie, m\u00ealant la broderie, technique traditionnelle \u00e0 un support d\u00e9cal\u00e9.\",\"breadcrumb\":{\"@id\":\"https:\\\/\\\/noodle-graphique.com\\\/index.php\\\/produit\\\/culottee\\\/#breadcrumb\"},\"inLanguage\":\"fr-FR\",\"potentialAction\":[{\"@type\":\"ReadAction\",\"target\":[\"https:\\\/\\\/noodle-graphique.com\\\/index.php\\\/produit\\\/culottee\\\/\"]}]},{\"@type\":\"ImageObject\",\"inLanguage\":\"fr-FR\",\"@id\":\"https:\\\/\\\/noodle-graphique.com\\\/index.php\\\/produit\\\/culottee\\\/#primaryimage\",\"url\":\"https:\\\/\\\/noodle-graphique.com\\\/wp-content\\\/uploads\\\/2020\\\/02\\\/Culotte-Broderie_NOODLE-GRAPHIQUE.jpg\",\"contentUrl\":\"https:\\\/\\\/noodle-graphique.com\\\/wp-content\\\/uploads\\\/2020\\\/02\\\/Culotte-Broderie_NOODLE-GRAPHIQUE.jpg\",\"width\":1024,\"height\":1024},{\"@type\":\"BreadcrumbList\",\"@id\":\"https:\\\/\\\/noodle-graphique.com\\\/index.php\\\/produit\\\/culottee\\\/#breadcrumb\",\"itemListElement\":[{\"@type\":\"ListItem\",\"position\":1,\"name\":\"Accueil\",\"item\":\"https:\\\/\\\/noodle-graphique.com\\\/\"},{\"@type\":\"ListItem\",\"position\":2,\"name\":\"SHOP\",\"item\":\"https:\\\/\\\/noodle-graphique.com\\\/index.php\\\/shop\\\/\"},{\"@type\":\"ListItem\",\"position\":3,\"name\":\"Culott\u00e9e | Pi\u00e8ce brod\u00e9e\"}]},{\"@type\":\"WebSite\",\"@id\":\"https:\\\/\\\/noodle-graphique.com\\\/#website\",\"url\":\"https:\\\/\\\/noodle-graphique.com\\\/\",\"name\":\"Noodle Graphique\",\"description\":\"Kits de broderie complets, tous niveaux, tout beaux\",\"publisher\":{\"@id\":\"https:\\\/\\\/noodle-graphique.com\\\/#organization\"},\"potentialAction\":[{\"@type\":\"SearchAction\",\"target\":{\"@type\":\"EntryPoint\",\"urlTemplate\":\"https:\\\/\\\/noodle-graphique.com\\\/?s={search_term_string}\"},\"query-input\":{\"@type\":\"PropertyValueSpecification\",\"valueRequired\":true,\"valueName\":\"search_term_string\"}}],\"inLanguage\":\"fr-FR\"},{\"@type\":\"Organization\",\"@id\":\"https:\\\/\\\/noodle-graphique.com\\\/#organization\",\"name\":\"Noodle Graphique\",\"url\":\"https:\\\/\\\/noodle-graphique.com\\\/\",\"logo\":{\"@type\":\"ImageObject\",\"inLanguage\":\"fr-FR\",\"@id\":\"https:\\\/\\\/noodle-graphique.com\\\/#\\\/schema\\\/logo\\\/image\\\/\",\"url\":\"https:\\\/\\\/noodle-graphique.com\\\/wp-content\\\/uploads\\\/2020\\\/10\\\/cropped-NOODLE-Logo_WEB_470x110-Gauche.gif\",\"contentUrl\":\"https:\\\/\\\/noodle-graphique.com\\\/wp-content\\\/uploads\\\/2020\\\/10\\\/cropped-NOODLE-Logo_WEB_470x110-Gauche.gif\",\"width\":461,\"height\":98,\"caption\":\"Noodle Graphique\"},\"image\":{\"@id\":\"https:\\\/\\\/noodle-graphique.com\\\/#\\\/schema\\\/logo\\\/image\\\/\"}}]}<\/script>\n<!-- \/ Yoast SEO plugin. -->","yoast_head_json":{"title":"Culott\u00e9e | Pi\u00e8ce brod\u00e9e - Noodle Graphique","description":"\"Culott\u00e9e\" est une pi\u00e8ce unique, faite main en Normandie, m\u00ealant la broderie, technique traditionnelle \u00e0 un support d\u00e9cal\u00e9.","robots":{"index":"index","follow":"follow","max-snippet":"max-snippet:-1","max-image-preview":"max-image-preview:large","max-video-preview":"max-video-preview:-1"},"canonical":"https:\/\/noodle-graphique.com\/index.php\/produit\/culottee\/","og_locale":"fr_FR","og_type":"article","og_title":"Culott\u00e9e | Pi\u00e8ce brod\u00e9e - Noodle Graphique","og_description":"\"Culott\u00e9e\" est une pi\u00e8ce unique, faite main en Normandie, m\u00ealant la broderie, technique traditionnelle \u00e0 un support d\u00e9cal\u00e9.","og_url":"https:\/\/noodle-graphique.com\/index.php\/produit\/culottee\/","og_site_name":"Noodle Graphique","article_modified_time":"2025-11-14T13:41:00+00:00","og_image":[{"width":1024,"height":1024,"url":"https:\/\/noodle-graphique.com\/wp-content\/uploads\/2020\/02\/Culotte-Broderie_NOODLE-GRAPHIQUE.jpg","type":"image\/jpeg"}],"twitter_card":"summary_large_image","twitter_misc":{"Dur\u00e9e de lecture estim\u00e9e":"1 minute"},"schema":{"@context":"https:\/\/schema.org","@graph":[{"@type":"WebPage","@id":"https:\/\/noodle-graphique.com\/index.php\/produit\/culottee\/","url":"https:\/\/noodle-graphique.com\/index.php\/produit\/culottee\/","name":"Culott\u00e9e | Pi\u00e8ce brod\u00e9e - Noodle Graphique","isPartOf":{"@id":"https:\/\/noodle-graphique.com\/#website"},"primaryImageOfPage":{"@id":"https:\/\/noodle-graphique.com\/index.php\/produit\/culottee\/#primaryimage"},"image":{"@id":"https:\/\/noodle-graphique.com\/index.php\/produit\/culottee\/#primaryimage"},"thumbnailUrl":"https:\/\/noodle-graphique.com\/wp-content\/uploads\/2020\/02\/Culotte-Broderie_NOODLE-GRAPHIQUE.jpg","datePublished":"2020-02-01T15:35:39+00:00","dateModified":"2025-11-14T13:41:00+00:00","description":"\"Culott\u00e9e\" est une pi\u00e8ce unique, faite main en Normandie, m\u00ealant la broderie, technique traditionnelle \u00e0 un support d\u00e9cal\u00e9.","breadcrumb":{"@id":"https:\/\/noodle-graphique.com\/index.php\/produit\/culottee\/#breadcrumb"},"inLanguage":"fr-FR","potentialAction":[{"@type":"ReadAction","target":["https:\/\/noodle-graphique.com\/index.php\/produit\/culottee\/"]}]},{"@type":"ImageObject","inLanguage":"fr-FR","@id":"https:\/\/noodle-graphique.com\/index.php\/produit\/culottee\/#primaryimage","url":"https:\/\/noodle-graphique.com\/wp-content\/uploads\/2020\/02\/Culotte-Broderie_NOODLE-GRAPHIQUE.jpg","contentUrl":"https:\/\/noodle-graphique.com\/wp-content\/uploads\/2020\/02\/Culotte-Broderie_NOODLE-GRAPHIQUE.jpg","width":1024,"height":1024},{"@type":"BreadcrumbList","@id":"https:\/\/noodle-graphique.com\/index.php\/produit\/culottee\/#breadcrumb","itemListElement":[{"@type":"ListItem","position":1,"name":"Accueil","item":"https:\/\/noodle-graphique.com\/"},{"@type":"ListItem","position":2,"name":"SHOP","item":"https:\/\/noodle-graphique.com\/index.php\/shop\/"},{"@type":"ListItem","position":3,"name":"Culott\u00e9e | Pi\u00e8ce brod\u00e9e"}]},{"@type":"WebSite","@id":"https:\/\/noodle-graphique.com\/#website","url":"https:\/\/noodle-graphique.com\/","name":"Noodle Graphique","description":"Kits de broderie complets, tous niveaux, tout beaux","publisher":{"@id":"https:\/\/noodle-graphique.com\/#organization"},"potentialAction":[{"@type":"SearchAction","target":{"@type":"EntryPoint","urlTemplate":"https:\/\/noodle-graphique.com\/?s={search_term_string}"},"query-input":{"@type":"PropertyValueSpecification","valueRequired":true,"valueName":"search_term_string"}}],"inLanguage":"fr-FR"},{"@type":"Organization","@id":"https:\/\/noodle-graphique.com\/#organization","name":"Noodle Graphique","url":"https:\/\/noodle-graphique.com\/","logo":{"@type":"ImageObject","inLanguage":"fr-FR","@id":"https:\/\/noodle-graphique.com\/#\/schema\/logo\/image\/","url":"https:\/\/noodle-graphique.com\/wp-content\/uploads\/2020\/10\/cropped-NOODLE-Logo_WEB_470x110-Gauche.gif","contentUrl":"https:\/\/noodle-graphique.com\/wp-content\/uploads\/2020\/10\/cropped-NOODLE-Logo_WEB_470x110-Gauche.gif","width":461,"height":98,"caption":"Noodle Graphique"},"image":{"@id":"https:\/\/noodle-graphique.com\/#\/schema\/logo\/image\/"}}]}},"_links":{"self":[{"href":"https:\/\/noodle-graphique.com\/index.php\/wp-json\/wp\/v2\/product\/6263","targetHints":{"allow":["GET"]}}],"collection":[{"href":"https:\/\/noodle-graphique.com\/index.php\/wp-json\/wp\/v2\/product"}],"about":[{"href":"https:\/\/noodle-graphique.com\/index.php\/wp-json\/wp\/v2\/types\/product"}],"wp:featuredmedia":[{"embeddable":true,"href":"https:\/\/noodle-graphique.com\/index.php\/wp-json\/wp\/v2\/media\/6264"}],"wp:attachment":[{"href":"https:\/\/noodle-graphique.com\/index.php\/wp-json\/wp\/v2\/media?parent=6263"}],"wp:term":[{"taxonomy":"product_brand","embeddable":true,"href":"https:\/\/noodle-graphique.com\/index.php\/wp-json\/wp\/v2\/product_brand?post=6263"},{"taxonomy":"product_cat","embeddable":true,"href":"https:\/\/noodle-graphique.com\/index.php\/wp-json\/wp\/v2\/product_cat?post=6263"},{"taxonomy":"product_tag","embeddable":true,"href":"https:\/\/noodle-graphique.com\/index.php\/wp-json\/wp\/v2\/product_tag?post=6263"}],"curies":[{"name":"wp","href":"https:\/\/api.w.org\/{rel}","templated":true}]}}